{"id":869,"date":"2015-07-27T12:38:18","date_gmt":"2015-07-27T11:38:18","guid":{"rendered":"http:\/\/www.unevieailleurs.com\/?page_id=869"},"modified":"2026-03-01T10:44:41","modified_gmt":"2026-03-01T08:44:41","slug":"conseil","status":"publish","type":"page","link":"https:\/\/www.jeunesdesaintjean.org\/index.php\/conseil\/","title":{"rendered":"L&rsquo;\u00e9quipe"},"content":{"rendered":"<p style=\"text-align: center;\"><strong>Le conseil des jeunes de Saint Jean de l&rsquo;ann\u00e9e 2025 &#8211; 2026 c&rsquo;est nous !<\/strong><\/p>\n<p style=\"text-align: center;\">Une \u00e9quipe de neuf jeunes pros<br \/>\noriginaires de Paris, Limoges, Paray-le-Monial, Lyon, Cherbourg, Vannes,<br \/>\nau taquet pour organiser les s\u00e9jours JJ !!!<\/p>\n<p style=\"text-align: center;\"><strong>Anne, Agathe, Bertrand, Joseph, Laetitia, Matthieu, Madeleine, Maroussia<\/strong><\/p>\n<p><a href=\"https:\/\/www.jeunesdesaintjean.org\/index.php\/conseil\/trombi_2026-2\/\" rel=\"attachment wp-att-4279\"><img loading=\"lazy\" decoding=\"async\" class=\"wp-image-4279 aligncenter\" src=\"https:\/\/www.jeunesdesaintjean.org\/wp-content\/uploads\/2025\/12\/trombi_2026-1.png\" alt=\"\" width=\"725\" height=\"907\" srcset=\"https:\/\/www.jeunesdesaintjean.org\/wp-content\/uploads\/2025\/12\/trombi_2026-1.png 1080w, https:\/\/www.jeunesdesaintjean.org\/wp-content\/uploads\/2025\/12\/trombi_2026-1-200x250.png 200w, https:\/\/www.jeunesdesaintjean.org\/wp-content\/uploads\/2025\/12\/trombi_2026-1-819x1024.png 819w, https:\/\/www.jeunesdesaintjean.org\/wp-content\/uploads\/2025\/12\/trombi_2026-1-80x100.png 80w, https:\/\/www.jeunesdesaintjean.org\/wp-content\/uploads\/2025\/12\/trombi_2026-1-240x300.png 240w, https:\/\/www.jeunesdesaintjean.org\/wp-content\/uploads\/2025\/12\/trombi_2026-1-300x375.png 300w, https:\/\/www.jeunesdesaintjean.org\/wp-content\/uploads\/2025\/12\/trombi_2026-1-424x530.png 424w, https:\/\/www.jeunesdesaintjean.org\/wp-content\/uploads\/2025\/12\/trombi_2026-1-480x600.png 480w, https:\/\/www.jeunesdesaintjean.org\/wp-content\/uploads\/2025\/12\/trombi_2026-1-768x960.png 768w\" sizes=\"auto, (max-width: 725px) 100vw, 725px\" \/><\/a><\/p>\n<p>&nbsp;<\/p>\n<p style=\"text-align: center;\">Accompagn\u00e9s par Fr\u00e8re Gaetan, notre aum\u00f4nier,<br \/>\nFr\u00e8re de Saint-Jean \u00e0 la paroisse Sainte C\u00e9cile de Boulogne Billancourt<\/p>\n<p>&nbsp;<\/p>\n<p>&nbsp;<\/p>\n","protected":false},"excerpt":{"rendered":"<p>Le conseil des jeunes de Saint Jean de l&rsquo;ann\u00e9e 2025 &#8211; 2026 c&rsquo;est nous ! Une \u00e9quipe de neuf jeunes pros originaires de Paris, Limoges, Paray-le-Monial, Lyon, Cherbourg, Vannes, au taquet pour organiser les s\u00e9jours JJ !!! Anne, Agathe, Bertrand, Joseph, Laetitia, Matthieu, Madeleine, Maroussia &nbsp; Accompagn\u00e9s par Fr\u00e8re Gaetan, notre aum\u00f4nier, Fr\u00e8re de Saint-Jean [&hellip;]<\/p>\n","protected":false},"author":1,"featured_media":0,"parent":0,"menu_order":4,"comment_status":"closed","ping_status":"closed","template":"","meta":{"two_page_speed":[],"footnotes":""},"class_list":["post-869","page","type-page","status-publish","hentry"],"yoast_head":"<!-- This site is optimized with the Yoast SEO plugin v27.0 - https:\/\/yoast.com\/product\/yoast-seo-wordpress\/ -->\n<title>Le Conseil - Jeunes de Saint-Jean<\/title>\n<meta name=\"description\" content=\"Le conseil JJ, c&#039;est une \u00e9quipe de 9 jeunes pro accompagn\u00e9s par un fr\u00e8re de Saint Jean, au taquet pour organiser les s\u00e9jours.\" \/>\n<meta name=\"robots\" content=\"index, follow, max-snippet:-1, max-image-preview:large, max-video-preview:-1\" \/>\n<link rel=\"canonical\" href=\"https:\/\/www.jeunesdesaintjean.org\/index.php\/conseil\/\" \/>\n<meta property=\"og:locale\" content=\"fr_FR\" \/>\n<meta property=\"og:type\" content=\"article\" \/>\n<meta property=\"og:title\" content=\"Le Conseil - Jeunes de Saint-Jean\" \/>\n<meta property=\"og:description\" content=\"Le conseil JJ, c&#039;est une \u00e9quipe de 9 jeunes pro accompagn\u00e9s par un fr\u00e8re de Saint Jean, au taquet pour organiser les s\u00e9jours.\" \/>\n<meta property=\"og:url\" content=\"https:\/\/www.jeunesdesaintjean.org\/index.php\/conseil\/\" \/>\n<meta property=\"og:site_name\" content=\"Jeunes de Saint-Jean\" \/>\n<meta property=\"article:publisher\" content=\"https:\/\/www.facebook.com\/jeunesdesaintjean1?locale=fr_FR\" \/>\n<meta property=\"article:modified_time\" content=\"2026-03-01T08:44:41+00:00\" \/>\n<meta property=\"og:image\" content=\"https:\/\/www.jeunesdesaintjean.org\/wp-content\/uploads\/2025\/12\/trombi_2026-1.png\" \/>\n\t<meta property=\"og:image:width\" content=\"1080\" \/>\n\t<meta property=\"og:image:height\" content=\"1350\" \/>\n\t<meta property=\"og:image:type\" content=\"image\/png\" \/>\n<meta name=\"twitter:label1\" content=\"Dur\u00e9e de lecture estim\u00e9e\" \/>\n\t<meta name=\"twitter:data1\" content=\"1 minute\" \/>\n<script type=\"application\/ld+json\" class=\"yoast-schema-graph\">{\"@context\":\"https:\/\/schema.org\",\"@graph\":[{\"@type\":\"WebPage\",\"@id\":\"https:\/\/www.jeunesdesaintjean.org\/index.php\/conseil\/\",\"url\":\"https:\/\/www.jeunesdesaintjean.org\/index.php\/conseil\/\",\"name\":\"Le Conseil - Jeunes de Saint-Jean\",\"isPartOf\":{\"@id\":\"https:\/\/www.jeunesdesaintjean.org\/#website\"},\"primaryImageOfPage\":{\"@id\":\"https:\/\/www.jeunesdesaintjean.org\/index.php\/conseil\/#primaryimage\"},\"image\":{\"@id\":\"https:\/\/www.jeunesdesaintjean.org\/index.php\/conseil\/#primaryimage\"},\"thumbnailUrl\":\"https:\/\/www.jeunesdesaintjean.org\/wp-content\/uploads\/2025\/12\/trombi_2026-1.png\",\"datePublished\":\"2015-07-27T11:38:18+00:00\",\"dateModified\":\"2026-03-01T08:44:41+00:00\",\"description\":\"Le conseil JJ, c'est une \u00e9quipe de 9 jeunes pro accompagn\u00e9s par un fr\u00e8re de Saint Jean, au taquet pour organiser les s\u00e9jours.\",\"breadcrumb\":{\"@id\":\"https:\/\/www.jeunesdesaintjean.org\/index.php\/conseil\/#breadcrumb\"},\"inLanguage\":\"fr-FR\",\"potentialAction\":[{\"@type\":\"ReadAction\",\"target\":[\"https:\/\/www.jeunesdesaintjean.org\/index.php\/conseil\/\"]}]},{\"@type\":\"ImageObject\",\"inLanguage\":\"fr-FR\",\"@id\":\"https:\/\/www.jeunesdesaintjean.org\/index.php\/conseil\/#primaryimage\",\"url\":\"https:\/\/www.jeunesdesaintjean.org\/wp-content\/uploads\/2025\/12\/trombi_2026-1.png\",\"contentUrl\":\"https:\/\/www.jeunesdesaintjean.org\/wp-content\/uploads\/2025\/12\/trombi_2026-1.png\",\"width\":1080,\"height\":1350},{\"@type\":\"BreadcrumbList\",\"@id\":\"https:\/\/www.jeunesdesaintjean.org\/index.php\/conseil\/#breadcrumb\",\"itemListElement\":[{\"@type\":\"ListItem\",\"position\":1,\"name\":\"Accueil\",\"item\":\"https:\/\/www.jeunesdesaintjean.org\/\"},{\"@type\":\"ListItem\",\"position\":2,\"name\":\"L&rsquo;\u00e9quipe\"}]},{\"@type\":\"WebSite\",\"@id\":\"https:\/\/www.jeunesdesaintjean.org\/#website\",\"url\":\"https:\/\/www.jeunesdesaintjean.org\/\",\"name\":\"Jeunes de Saint-Jean\",\"description\":\"S\u00e9jours &quot;Spi et Sport&quot; pour Jeunes professionnels catholiques !\",\"publisher\":{\"@id\":\"https:\/\/www.jeunesdesaintjean.org\/#organization\"},\"alternateName\":\"Les JJ\",\"potentialAction\":[{\"@type\":\"SearchAction\",\"target\":{\"@type\":\"EntryPoint\",\"urlTemplate\":\"https:\/\/www.jeunesdesaintjean.org\/?s={search_term_string}\"},\"query-input\":{\"@type\":\"PropertyValueSpecification\",\"valueRequired\":true,\"valueName\":\"search_term_string\"}}],\"inLanguage\":\"fr-FR\"},{\"@type\":\"Organization\",\"@id\":\"https:\/\/www.jeunesdesaintjean.org\/#organization\",\"name\":\"Jeunes de Saint-Jean\",\"url\":\"https:\/\/www.jeunesdesaintjean.org\/\",\"logo\":{\"@type\":\"ImageObject\",\"inLanguage\":\"fr-FR\",\"@id\":\"https:\/\/www.jeunesdesaintjean.org\/#\/schema\/logo\/image\/\",\"url\":\"https:\/\/www.jeunesdesaintjean.org\/wp-content\/uploads\/2024\/01\/Logo-rouge-sur-fond-transparent.png\",\"contentUrl\":\"https:\/\/www.jeunesdesaintjean.org\/wp-content\/uploads\/2024\/01\/Logo-rouge-sur-fond-transparent.png\",\"width\":1600,\"height\":1600,\"caption\":\"Jeunes de Saint-Jean\"},\"image\":{\"@id\":\"https:\/\/www.jeunesdesaintjean.org\/#\/schema\/logo\/image\/\"},\"sameAs\":[\"https:\/\/www.facebook.com\/jeunesdesaintjean1?locale=fr_FR\",\"https:\/\/www.instagram.com\/jeunesdesaintjean\/\"]}]}<\/script>\n<!-- \/ Yoast SEO plugin. -->","yoast_head_json":{"title":"Le Conseil - Jeunes de Saint-Jean","description":"Le conseil JJ, c'est une \u00e9quipe de 9 jeunes pro accompagn\u00e9s par un fr\u00e8re de Saint Jean, au taquet pour organiser les s\u00e9jours.","robots":{"index":"index","follow":"follow","max-snippet":"max-snippet:-1","max-image-preview":"max-image-preview:large","max-video-preview":"max-video-preview:-1"},"canonical":"https:\/\/www.jeunesdesaintjean.org\/index.php\/conseil\/","og_locale":"fr_FR","og_type":"article","og_title":"Le Conseil - Jeunes de Saint-Jean","og_description":"Le conseil JJ, c'est une \u00e9quipe de 9 jeunes pro accompagn\u00e9s par un fr\u00e8re de Saint Jean, au taquet pour organiser les s\u00e9jours.","og_url":"https:\/\/www.jeunesdesaintjean.org\/index.php\/conseil\/","og_site_name":"Jeunes de Saint-Jean","article_publisher":"https:\/\/www.facebook.com\/jeunesdesaintjean1?locale=fr_FR","article_modified_time":"2026-03-01T08:44:41+00:00","og_image":[{"width":1080,"height":1350,"url":"https:\/\/www.jeunesdesaintjean.org\/wp-content\/uploads\/2025\/12\/trombi_2026-1.png","type":"image\/png"}],"twitter_misc":{"Dur\u00e9e de lecture estim\u00e9e":"1 minute"},"schema":{"@context":"https:\/\/schema.org","@graph":[{"@type":"WebPage","@id":"https:\/\/www.jeunesdesaintjean.org\/index.php\/conseil\/","url":"https:\/\/www.jeunesdesaintjean.org\/index.php\/conseil\/","name":"Le Conseil - Jeunes de Saint-Jean","isPartOf":{"@id":"https:\/\/www.jeunesdesaintjean.org\/#website"},"primaryImageOfPage":{"@id":"https:\/\/www.jeunesdesaintjean.org\/index.php\/conseil\/#primaryimage"},"image":{"@id":"https:\/\/www.jeunesdesaintjean.org\/index.php\/conseil\/#primaryimage"},"thumbnailUrl":"https:\/\/www.jeunesdesaintjean.org\/wp-content\/uploads\/2025\/12\/trombi_2026-1.png","datePublished":"2015-07-27T11:38:18+00:00","dateModified":"2026-03-01T08:44:41+00:00","description":"Le conseil JJ, c'est une \u00e9quipe de 9 jeunes pro accompagn\u00e9s par un fr\u00e8re de Saint Jean, au taquet pour organiser les s\u00e9jours.","breadcrumb":{"@id":"https:\/\/www.jeunesdesaintjean.org\/index.php\/conseil\/#breadcrumb"},"inLanguage":"fr-FR","potentialAction":[{"@type":"ReadAction","target":["https:\/\/www.jeunesdesaintjean.org\/index.php\/conseil\/"]}]},{"@type":"ImageObject","inLanguage":"fr-FR","@id":"https:\/\/www.jeunesdesaintjean.org\/index.php\/conseil\/#primaryimage","url":"https:\/\/www.jeunesdesaintjean.org\/wp-content\/uploads\/2025\/12\/trombi_2026-1.png","contentUrl":"https:\/\/www.jeunesdesaintjean.org\/wp-content\/uploads\/2025\/12\/trombi_2026-1.png","width":1080,"height":1350},{"@type":"BreadcrumbList","@id":"https:\/\/www.jeunesdesaintjean.org\/index.php\/conseil\/#breadcrumb","itemListElement":[{"@type":"ListItem","position":1,"name":"Accueil","item":"https:\/\/www.jeunesdesaintjean.org\/"},{"@type":"ListItem","position":2,"name":"L&rsquo;\u00e9quipe"}]},{"@type":"WebSite","@id":"https:\/\/www.jeunesdesaintjean.org\/#website","url":"https:\/\/www.jeunesdesaintjean.org\/","name":"Jeunes de Saint-Jean","description":"S\u00e9jours &quot;Spi et Sport&quot; pour Jeunes professionnels catholiques !","publisher":{"@id":"https:\/\/www.jeunesdesaintjean.org\/#organization"},"alternateName":"Les JJ","potentialAction":[{"@type":"SearchAction","target":{"@type":"EntryPoint","urlTemplate":"https:\/\/www.jeunesdesaintjean.org\/?s={search_term_string}"},"query-input":{"@type":"PropertyValueSpecification","valueRequired":true,"valueName":"search_term_string"}}],"inLanguage":"fr-FR"},{"@type":"Organization","@id":"https:\/\/www.jeunesdesaintjean.org\/#organization","name":"Jeunes de Saint-Jean","url":"https:\/\/www.jeunesdesaintjean.org\/","logo":{"@type":"ImageObject","inLanguage":"fr-FR","@id":"https:\/\/www.jeunesdesaintjean.org\/#\/schema\/logo\/image\/","url":"https:\/\/www.jeunesdesaintjean.org\/wp-content\/uploads\/2024\/01\/Logo-rouge-sur-fond-transparent.png","contentUrl":"https:\/\/www.jeunesdesaintjean.org\/wp-content\/uploads\/2024\/01\/Logo-rouge-sur-fond-transparent.png","width":1600,"height":1600,"caption":"Jeunes de Saint-Jean"},"image":{"@id":"https:\/\/www.jeunesdesaintjean.org\/#\/schema\/logo\/image\/"},"sameAs":["https:\/\/www.facebook.com\/jeunesdesaintjean1?locale=fr_FR","https:\/\/www.instagram.com\/jeunesdesaintjean\/"]}]}},"jetpack_sharing_enabled":true,"jetpack_shortlink":"https:\/\/wp.me\/P7zN5T-e1","_links":{"self":[{"href":"https:\/\/www.jeunesdesaintjean.org\/index.php\/wp-json\/wp\/v2\/pages\/869","targetHints":{"allow":["GET"]}}],"collection":[{"href":"https:\/\/www.jeunesdesaintjean.org\/index.php\/wp-json\/wp\/v2\/pages"}],"about":[{"href":"https:\/\/www.jeunesdesaintjean.org\/index.php\/wp-json\/wp\/v2\/types\/page"}],"author":[{"embeddable":true,"href":"https:\/\/www.jeunesdesaintjean.org\/index.php\/wp-json\/wp\/v2\/users\/1"}],"replies":[{"embeddable":true,"href":"https:\/\/www.jeunesdesaintjean.org\/index.php\/wp-json\/wp\/v2\/comments?post=869"}],"version-history":[{"count":69,"href":"https:\/\/www.jeunesdesaintjean.org\/index.php\/wp-json\/wp\/v2\/pages\/869\/revisions"}],"predecessor-version":[{"id":4477,"href":"https:\/\/www.jeunesdesaintjean.org\/index.php\/wp-json\/wp\/v2\/pages\/869\/revisions\/4477"}],"wp:attachment":[{"href":"https:\/\/www.jeunesdesaintjean.org\/index.php\/wp-json\/wp\/v2\/media?parent=869"}],"curies":[{"name":"wp","href":"https:\/\/api.w.org\/{rel}","templated":true}]}}