{"id":865,"date":"2015-07-22T21:57:31","date_gmt":"2015-07-22T20:57:31","guid":{"rendered":"http:\/\/www.unevieailleurs.com\/?page_id=865"},"modified":"2026-04-26T08:38:59","modified_gmt":"2026-04-26T06:38:59","slug":"accueil-jeunes-de-saint-jean","status":"publish","type":"page","link":"https:\/\/www.jeunesdesaintjean.org\/","title":{"rendered":"Accueil"},"content":{"rendered":"<section class=\"max-md:px-4 container mx-auto\">\n<div class=\"container mx-auto entry-content\">\n<h1 style=\"text-align: center;\"><\/h1>\n<p>&nbsp;<\/p>\n<p>&nbsp;<\/p>\n<p style=\"text-align: center;\">\n<\/div>\n<p style=\"text-align: center;\">\n<\/section>\n<p><a href=\"https:\/\/www.jeunesdesaintjean.org\/index.php\/accueil-jeunes-de-saint-jean\/capture-decran-2026-04-25-a-14-35-25\/\" rel=\"attachment wp-att-4546\"><img loading=\"lazy\" decoding=\"async\" class=\"wp-image-4546 aligncenter\" src=\"https:\/\/www.jeunesdesaintjean.org\/wp-content\/uploads\/2026\/04\/Capture-decran-2026-04-25-a-14.35.25.png\" alt=\"\" width=\"595\" height=\"370\" srcset=\"https:\/\/www.jeunesdesaintjean.org\/wp-content\/uploads\/2026\/04\/Capture-decran-2026-04-25-a-14.35.25.png 1930w, https:\/\/www.jeunesdesaintjean.org\/wp-content\/uploads\/2026\/04\/Capture-decran-2026-04-25-a-14.35.25-400x250.png 400w, https:\/\/www.jeunesdesaintjean.org\/wp-content\/uploads\/2026\/04\/Capture-decran-2026-04-25-a-14.35.25-1024x637.png 1024w, https:\/\/www.jeunesdesaintjean.org\/wp-content\/uploads\/2026\/04\/Capture-decran-2026-04-25-a-14.35.25-100x62.png 100w, https:\/\/www.jeunesdesaintjean.org\/wp-content\/uploads\/2026\/04\/Capture-decran-2026-04-25-a-14.35.25-1536x955.png 1536w, https:\/\/www.jeunesdesaintjean.org\/wp-content\/uploads\/2026\/04\/Capture-decran-2026-04-25-a-14.35.25-600x373.png 600w, https:\/\/www.jeunesdesaintjean.org\/wp-content\/uploads\/2026\/04\/Capture-decran-2026-04-25-a-14.35.25-768x478.png 768w\" sizes=\"auto, (max-width: 595px) 100vw, 595px\" \/><\/a><\/p>\n<p>&nbsp;<\/p>\n<section class=\"max-md:px-4 container mx-auto\">\n<div class=\"container mx-auto entry-content\">\n<h1 style=\"text-align: center;\"><\/h1>\n<\/div>\n<\/section>\n","protected":false},"excerpt":{"rendered":"<p>&nbsp; &nbsp; &nbsp;<\/p>\n","protected":false},"author":1,"featured_media":0,"parent":0,"menu_order":0,"comment_status":"closed","ping_status":"closed","template":"template-landing.php","meta":{"two_page_speed":[],"footnotes":""},"class_list":["post-865","page","type-page","status-publish","hentry"],"yoast_head":"<!-- This site is optimized with the Yoast SEO plugin v27.0 - https:\/\/yoast.com\/product\/yoast-seo-wordpress\/ -->\n<title>Jeunes Pros - S\u00e9jours Jeunes de Saint-Jean<\/title>\n<meta name=\"description\" content=\"Les Jeunes de Saint-Jean proposent des s\u00e9jours &quot;Sport &amp; Spi&quot; pour les jeunes pros catho. Notre ADN : Aventure Spiritualit\u00e9 Convivialit\u00e9 !\" \/>\n<meta name=\"robots\" content=\"index, follow, max-snippet:-1, max-image-preview:large, max-video-preview:-1\" \/>\n<link rel=\"canonical\" href=\"https:\/\/www.jeunesdesaintjean.org\/\" \/>\n<meta property=\"og:locale\" content=\"fr_FR\" \/>\n<meta property=\"og:type\" content=\"article\" \/>\n<meta property=\"og:title\" content=\"Jeunes Pros - S\u00e9jours Jeunes de Saint-Jean\" \/>\n<meta property=\"og:description\" content=\"Les Jeunes de Saint-Jean proposent des s\u00e9jours &quot;Sport &amp; Spi&quot; pour les jeunes pros catho. Notre ADN : Aventure Spiritualit\u00e9 Convivialit\u00e9 !\" \/>\n<meta property=\"og:url\" content=\"https:\/\/www.jeunesdesaintjean.org\/\" \/>\n<meta property=\"og:site_name\" content=\"Jeunes de Saint-Jean\" \/>\n<meta property=\"article:publisher\" content=\"https:\/\/www.facebook.com\/jeunesdesaintjean1?locale=fr_FR\" \/>\n<meta property=\"article:modified_time\" content=\"2026-04-26T06:38:59+00:00\" \/>\n<meta property=\"og:image\" content=\"https:\/\/www.jeunesdesaintjean.org\/wp-content\/uploads\/2026\/04\/Capture-decran-2026-04-25-a-14.35.25-1024x637.png\" \/>\n\t<meta property=\"og:image:width\" content=\"1024\" \/>\n\t<meta property=\"og:image:height\" content=\"637\" \/>\n\t<meta property=\"og:image:type\" content=\"image\/png\" \/>\n<meta name=\"twitter:label1\" content=\"Dur\u00e9e de lecture estim\u00e9e\" \/>\n\t<meta name=\"twitter:data1\" content=\"1 minute\" \/>\n<script type=\"application\/ld+json\" class=\"yoast-schema-graph\">{\"@context\":\"https:\/\/schema.org\",\"@graph\":[{\"@type\":\"WebPage\",\"@id\":\"https:\/\/www.jeunesdesaintjean.org\/\",\"url\":\"https:\/\/www.jeunesdesaintjean.org\/\",\"name\":\"Jeunes Pros - S\u00e9jours Jeunes de Saint-Jean\",\"isPartOf\":{\"@id\":\"https:\/\/www.jeunesdesaintjean.org\/#website\"},\"primaryImageOfPage\":{\"@id\":\"https:\/\/www.jeunesdesaintjean.org\/#primaryimage\"},\"image\":{\"@id\":\"https:\/\/www.jeunesdesaintjean.org\/#primaryimage\"},\"thumbnailUrl\":\"https:\/\/www.jeunesdesaintjean.org\/wp-content\/uploads\/2026\/04\/Capture-decran-2026-04-25-a-14.35.25.png\",\"datePublished\":\"2015-07-22T20:57:31+00:00\",\"dateModified\":\"2026-04-26T06:38:59+00:00\",\"description\":\"Les Jeunes de Saint-Jean proposent des s\u00e9jours \\\"Sport & Spi\\\" pour les jeunes pros catho. Notre ADN : Aventure Spiritualit\u00e9 Convivialit\u00e9 !\",\"breadcrumb\":{\"@id\":\"https:\/\/www.jeunesdesaintjean.org\/#breadcrumb\"},\"inLanguage\":\"fr-FR\",\"potentialAction\":[{\"@type\":\"ReadAction\",\"target\":[\"https:\/\/www.jeunesdesaintjean.org\/\"]}]},{\"@type\":\"ImageObject\",\"inLanguage\":\"fr-FR\",\"@id\":\"https:\/\/www.jeunesdesaintjean.org\/#primaryimage\",\"url\":\"https:\/\/www.jeunesdesaintjean.org\/wp-content\/uploads\/2026\/04\/Capture-decran-2026-04-25-a-14.35.25.png\",\"contentUrl\":\"https:\/\/www.jeunesdesaintjean.org\/wp-content\/uploads\/2026\/04\/Capture-decran-2026-04-25-a-14.35.25.png\",\"width\":1930,\"height\":1200},{\"@type\":\"BreadcrumbList\",\"@id\":\"https:\/\/www.jeunesdesaintjean.org\/#breadcrumb\",\"itemListElement\":[{\"@type\":\"ListItem\",\"position\":1,\"name\":\"Accueil\",\"item\":\"https:\/\/www.jeunesdesaintjean.org\/\"},{\"@type\":\"ListItem\",\"position\":2,\"name\":\"Accueil\"}]},{\"@type\":\"WebSite\",\"@id\":\"https:\/\/www.jeunesdesaintjean.org\/#website\",\"url\":\"https:\/\/www.jeunesdesaintjean.org\/\",\"name\":\"Jeunes de Saint-Jean\",\"description\":\"S\u00e9jours &quot;Spi et Sport&quot; pour Jeunes professionnels catholiques !\",\"publisher\":{\"@id\":\"https:\/\/www.jeunesdesaintjean.org\/#organization\"},\"alternateName\":\"Les JJ\",\"potentialAction\":[{\"@type\":\"SearchAction\",\"target\":{\"@type\":\"EntryPoint\",\"urlTemplate\":\"https:\/\/www.jeunesdesaintjean.org\/?s={search_term_string}\"},\"query-input\":{\"@type\":\"PropertyValueSpecification\",\"valueRequired\":true,\"valueName\":\"search_term_string\"}}],\"inLanguage\":\"fr-FR\"},{\"@type\":\"Organization\",\"@id\":\"https:\/\/www.jeunesdesaintjean.org\/#organization\",\"name\":\"Jeunes de Saint-Jean\",\"url\":\"https:\/\/www.jeunesdesaintjean.org\/\",\"logo\":{\"@type\":\"ImageObject\",\"inLanguage\":\"fr-FR\",\"@id\":\"https:\/\/www.jeunesdesaintjean.org\/#\/schema\/logo\/image\/\",\"url\":\"https:\/\/www.jeunesdesaintjean.org\/wp-content\/uploads\/2024\/01\/Logo-rouge-sur-fond-transparent.png\",\"contentUrl\":\"https:\/\/www.jeunesdesaintjean.org\/wp-content\/uploads\/2024\/01\/Logo-rouge-sur-fond-transparent.png\",\"width\":1600,\"height\":1600,\"caption\":\"Jeunes de Saint-Jean\"},\"image\":{\"@id\":\"https:\/\/www.jeunesdesaintjean.org\/#\/schema\/logo\/image\/\"},\"sameAs\":[\"https:\/\/www.facebook.com\/jeunesdesaintjean1?locale=fr_FR\",\"https:\/\/www.instagram.com\/jeunesdesaintjean\/\"]}]}<\/script>\n<!-- \/ Yoast SEO plugin. -->","yoast_head_json":{"title":"Jeunes Pros - S\u00e9jours Jeunes de Saint-Jean","description":"Les Jeunes de Saint-Jean proposent des s\u00e9jours \"Sport & Spi\" pour les jeunes pros catho. Notre ADN : Aventure Spiritualit\u00e9 Convivialit\u00e9 !","robots":{"index":"index","follow":"follow","max-snippet":"max-snippet:-1","max-image-preview":"max-image-preview:large","max-video-preview":"max-video-preview:-1"},"canonical":"https:\/\/www.jeunesdesaintjean.org\/","og_locale":"fr_FR","og_type":"article","og_title":"Jeunes Pros - S\u00e9jours Jeunes de Saint-Jean","og_description":"Les Jeunes de Saint-Jean proposent des s\u00e9jours \"Sport & Spi\" pour les jeunes pros catho. Notre ADN : Aventure Spiritualit\u00e9 Convivialit\u00e9 !","og_url":"https:\/\/www.jeunesdesaintjean.org\/","og_site_name":"Jeunes de Saint-Jean","article_publisher":"https:\/\/www.facebook.com\/jeunesdesaintjean1?locale=fr_FR","article_modified_time":"2026-04-26T06:38:59+00:00","og_image":[{"width":1024,"height":637,"url":"https:\/\/www.jeunesdesaintjean.org\/wp-content\/uploads\/2026\/04\/Capture-decran-2026-04-25-a-14.35.25-1024x637.png","type":"image\/png"}],"twitter_misc":{"Dur\u00e9e de lecture estim\u00e9e":"1 minute"},"schema":{"@context":"https:\/\/schema.org","@graph":[{"@type":"WebPage","@id":"https:\/\/www.jeunesdesaintjean.org\/","url":"https:\/\/www.jeunesdesaintjean.org\/","name":"Jeunes Pros - S\u00e9jours Jeunes de Saint-Jean","isPartOf":{"@id":"https:\/\/www.jeunesdesaintjean.org\/#website"},"primaryImageOfPage":{"@id":"https:\/\/www.jeunesdesaintjean.org\/#primaryimage"},"image":{"@id":"https:\/\/www.jeunesdesaintjean.org\/#primaryimage"},"thumbnailUrl":"https:\/\/www.jeunesdesaintjean.org\/wp-content\/uploads\/2026\/04\/Capture-decran-2026-04-25-a-14.35.25.png","datePublished":"2015-07-22T20:57:31+00:00","dateModified":"2026-04-26T06:38:59+00:00","description":"Les Jeunes de Saint-Jean proposent des s\u00e9jours \"Sport & Spi\" pour les jeunes pros catho. Notre ADN : Aventure Spiritualit\u00e9 Convivialit\u00e9 !","breadcrumb":{"@id":"https:\/\/www.jeunesdesaintjean.org\/#breadcrumb"},"inLanguage":"fr-FR","potentialAction":[{"@type":"ReadAction","target":["https:\/\/www.jeunesdesaintjean.org\/"]}]},{"@type":"ImageObject","inLanguage":"fr-FR","@id":"https:\/\/www.jeunesdesaintjean.org\/#primaryimage","url":"https:\/\/www.jeunesdesaintjean.org\/wp-content\/uploads\/2026\/04\/Capture-decran-2026-04-25-a-14.35.25.png","contentUrl":"https:\/\/www.jeunesdesaintjean.org\/wp-content\/uploads\/2026\/04\/Capture-decran-2026-04-25-a-14.35.25.png","width":1930,"height":1200},{"@type":"BreadcrumbList","@id":"https:\/\/www.jeunesdesaintjean.org\/#breadcrumb","itemListElement":[{"@type":"ListItem","position":1,"name":"Accueil","item":"https:\/\/www.jeunesdesaintjean.org\/"},{"@type":"ListItem","position":2,"name":"Accueil"}]},{"@type":"WebSite","@id":"https:\/\/www.jeunesdesaintjean.org\/#website","url":"https:\/\/www.jeunesdesaintjean.org\/","name":"Jeunes de Saint-Jean","description":"S\u00e9jours &quot;Spi et Sport&quot; pour Jeunes professionnels catholiques !","publisher":{"@id":"https:\/\/www.jeunesdesaintjean.org\/#organization"},"alternateName":"Les JJ","potentialAction":[{"@type":"SearchAction","target":{"@type":"EntryPoint","urlTemplate":"https:\/\/www.jeunesdesaintjean.org\/?s={search_term_string}"},"query-input":{"@type":"PropertyValueSpecification","valueRequired":true,"valueName":"search_term_string"}}],"inLanguage":"fr-FR"},{"@type":"Organization","@id":"https:\/\/www.jeunesdesaintjean.org\/#organization","name":"Jeunes de Saint-Jean","url":"https:\/\/www.jeunesdesaintjean.org\/","logo":{"@type":"ImageObject","inLanguage":"fr-FR","@id":"https:\/\/www.jeunesdesaintjean.org\/#\/schema\/logo\/image\/","url":"https:\/\/www.jeunesdesaintjean.org\/wp-content\/uploads\/2024\/01\/Logo-rouge-sur-fond-transparent.png","contentUrl":"https:\/\/www.jeunesdesaintjean.org\/wp-content\/uploads\/2024\/01\/Logo-rouge-sur-fond-transparent.png","width":1600,"height":1600,"caption":"Jeunes de Saint-Jean"},"image":{"@id":"https:\/\/www.jeunesdesaintjean.org\/#\/schema\/logo\/image\/"},"sameAs":["https:\/\/www.facebook.com\/jeunesdesaintjean1?locale=fr_FR","https:\/\/www.instagram.com\/jeunesdesaintjean\/"]}]}},"jetpack_sharing_enabled":true,"jetpack_shortlink":"https:\/\/wp.me\/P7zN5T-dX","_links":{"self":[{"href":"https:\/\/www.jeunesdesaintjean.org\/index.php\/wp-json\/wp\/v2\/pages\/865","targetHints":{"allow":["GET"]}}],"collection":[{"href":"https:\/\/www.jeunesdesaintjean.org\/index.php\/wp-json\/wp\/v2\/pages"}],"about":[{"href":"https:\/\/www.jeunesdesaintjean.org\/index.php\/wp-json\/wp\/v2\/types\/page"}],"author":[{"embeddable":true,"href":"https:\/\/www.jeunesdesaintjean.org\/index.php\/wp-json\/wp\/v2\/users\/1"}],"replies":[{"embeddable":true,"href":"https:\/\/www.jeunesdesaintjean.org\/index.php\/wp-json\/wp\/v2\/comments?post=865"}],"version-history":[{"count":44,"href":"https:\/\/www.jeunesdesaintjean.org\/index.php\/wp-json\/wp\/v2\/pages\/865\/revisions"}],"predecessor-version":[{"id":4555,"href":"https:\/\/www.jeunesdesaintjean.org\/index.php\/wp-json\/wp\/v2\/pages\/865\/revisions\/4555"}],"wp:attachment":[{"href":"https:\/\/www.jeunesdesaintjean.org\/index.php\/wp-json\/wp\/v2\/media?parent=865"}],"curies":[{"name":"wp","href":"https:\/\/api.w.org\/{rel}","templated":true}]}}

<!-- This site is optimized with the Yoast SEO plugin v27.0 - https://yoast.com/product/yoast-seo-wordpress/ -->
<title>Jeunes Pros - Séjours Jeunes de Saint-Jean</title>
<meta name="description" content="Les Jeunes de Saint-Jean proposent des séjours &quot;Sport &amp; Spi&quot; pour les jeunes pros catho. Notre ADN : Aventure Spiritualité Convivialité !" />
<meta name="robots" content="index, follow, max-snippet:-1, max-image-preview:large, max-video-preview:-1" />
<link rel="canonical" href="https://www.jeunesdesaintjean.org/" />
<meta property="og:locale" content="fr_FR" />
<meta property="og:type" content="article" />
<meta property="og:title" content="Jeunes Pros - Séjours Jeunes de Saint-Jean" />
<meta property="og:description" content="Les Jeunes de Saint-Jean proposent des séjours &quot;Sport &amp; Spi&quot; pour les jeunes pros catho. Notre ADN : Aventure Spiritualité Convivialité !" />
<meta property="og:url" content="https://www.jeunesdesaintjean.org/" />
<meta property="og:site_name" content="Jeunes de Saint-Jean" />
<meta property="article:publisher" content="https://www.facebook.com/jeunesdesaintjean1?locale=fr_FR" />
<meta property="article:modified_time" content="2026-04-26T06:38:59+00:00" />
<meta property="og:image" content="https://www.jeunesdesaintjean.org/wp-content/uploads/2026/04/Capture-decran-2026-04-25-a-14.35.25-1024x637.png" />
	<meta property="og:image:width" content="1024" />
	<meta property="og:image:height" content="637" />
	<meta property="og:image:type" content="image/png" />
<meta name="twitter:label1" content="Durée de lecture estimée" />
	<meta name="twitter:data1" content="1 minute" />
<script type="application/ld+json" class="yoast-schema-graph">{"@context":"https://schema.org","@graph":[{"@type":"WebPage","@id":"https://www.jeunesdesaintjean.org/","url":"https://www.jeunesdesaintjean.org/","name":"Jeunes Pros - Séjours Jeunes de Saint-Jean","isPartOf":{"@id":"https://www.jeunesdesaintjean.org/#website"},"primaryImageOfPage":{"@id":"https://www.jeunesdesaintjean.org/#primaryimage"},"image":{"@id":"https://www.jeunesdesaintjean.org/#primaryimage"},"thumbnailUrl":"https://www.jeunesdesaintjean.org/wp-content/uploads/2026/04/Capture-decran-2026-04-25-a-14.35.25.png","datePublished":"2015-07-22T20:57:31+00:00","dateModified":"2026-04-26T06:38:59+00:00","description":"Les Jeunes de Saint-Jean proposent des séjours \"Sport & Spi\" pour les jeunes pros catho. Notre ADN : Aventure Spiritualité Convivialité !","breadcrumb":{"@id":"https://www.jeunesdesaintjean.org/#breadcrumb"},"inLanguage":"fr-FR","potentialAction":[{"@type":"ReadAction","target":["https://www.jeunesdesaintjean.org/"]}]},{"@type":"ImageObject","inLanguage":"fr-FR","@id":"https://www.jeunesdesaintjean.org/#primaryimage","url":"https://www.jeunesdesaintjean.org/wp-content/uploads/2026/04/Capture-decran-2026-04-25-a-14.35.25.png","contentUrl":"https://www.jeunesdesaintjean.org/wp-content/uploads/2026/04/Capture-decran-2026-04-25-a-14.35.25.png","width":1930,"height":1200},{"@type":"BreadcrumbList","@id":"https://www.jeunesdesaintjean.org/#breadcrumb","itemListElement":[{"@type":"ListItem","position":1,"name":"Accueil","item":"https://www.jeunesdesaintjean.org/"},{"@type":"ListItem","position":2,"name":"Accueil"}]},{"@type":"WebSite","@id":"https://www.jeunesdesaintjean.org/#website","url":"https://www.jeunesdesaintjean.org/","name":"Jeunes de Saint-Jean","description":"Séjours &quot;Spi et Sport&quot; pour Jeunes professionnels catholiques !","publisher":{"@id":"https://www.jeunesdesaintjean.org/#organization"},"alternateName":"Les JJ","potentialAction":[{"@type":"SearchAction","target":{"@type":"EntryPoint","urlTemplate":"https://www.jeunesdesaintjean.org/?s={search_term_string}"},"query-input":{"@type":"PropertyValueSpecification","valueRequired":true,"valueName":"search_term_string"}}],"inLanguage":"fr-FR"},{"@type":"Organization","@id":"https://www.jeunesdesaintjean.org/#organization","name":"Jeunes de Saint-Jean","url":"https://www.jeunesdesaintjean.org/","logo":{"@type":"ImageObject","inLanguage":"fr-FR","@id":"https://www.jeunesdesaintjean.org/#/schema/logo/image/","url":"https://www.jeunesdesaintjean.org/wp-content/uploads/2024/01/Logo-rouge-sur-fond-transparent.png","contentUrl":"https://www.jeunesdesaintjean.org/wp-content/uploads/2024/01/Logo-rouge-sur-fond-transparent.png","width":1600,"height":1600,"caption":"Jeunes de Saint-Jean"},"image":{"@id":"https://www.jeunesdesaintjean.org/#/schema/logo/image/"},"sameAs":["https://www.facebook.com/jeunesdesaintjean1?locale=fr_FR","https://www.instagram.com/jeunesdesaintjean/"]}]}</script>
<!-- / Yoast SEO plugin. -->

Jeunes Pros - Séjours Jeunes de Saint-Jean

Les Jeunes de Saint-Jean proposent des séjours "Sport & Spi" pour les jeunes pros catho. Notre ADN : Aventure Spiritualité Convivialité !

Séjours &quot;Spi et Sport&quot; pour Jeunes professionnels catholiques !
